?
9
What is the highest common divisor of 95 and 389595?
95
What is the greatest common divisor of 38520 and 75?
15
Calculate the greatest common divisor of 59264 and 256.
128
What is the highest common divisor of 3204 and 346833?
801
Calculate the highest common divisor of 51763 and 74.
37
What is the highest common divisor of 156 and 2017176?
12
Calculate the greatest common divisor of 260325 and 130.
65
What is the highest common factor of 700 and 15148?
28
Calculate the highest common divisor of 73482 and 10434.
222
What is the highest common divisor of 3143 and 3213?
7
Calculate the greatest common factor of 9208 and 736.
8
What is the highest common divisor of 26248 and 1351?
193
Calculate the highest common factor of 1596810 and 204.
102
Calculate the greatest common factor of 225466 and 15168.
158
Calculate the highest common factor of 29 and 1850983.
29
What is the greatest common factor of 266915 and 253?
253
What is the greatest common factor of 568 and 17048?
8
Calculate the highest common divisor of 38556 and 28.
28
Calculate the highest common divisor of 39225 and 1065.
15
Calculate the greatest common factor of 1807 and 80203.
139
What is the greatest common divisor of 58 and 45559?
29
Calculate the greatest common factor of 127376 and 912.
304
What is the highest common factor of 11 and 16047625?
11
What is the highest common factor of 772 and 5065092?
772
Calculate the highest common divisor of 787 and 14.
1
What is the highest common divisor of 34 and 17221?
17
What is the highest common factor of 29574 and 45?
9
What is the highest common factor of 2110584 and 84?
84
What is the greatest common divisor of 3515616 and 4680?
936
What is the highest common factor of 13138 and 12?
2
What is the highest common divisor of 9 and 3189015?
9
What is the greatest common factor of 616209 and 10257?
789
Calculate the highest common factor of 36280 and 60.
20
What is the greatest common divisor of 40 and 3114680?
40
What is the highest common factor of 58604 and 187772?
1196
Calculate the highest common factor of 11 and 691504.
11
What is the greatest common factor of 43361 and 655?
131
What is the highest common factor of 452903 and 394?
197
Calculate the greatest common divisor of 101619 and 126.
63
What is the highest common divisor of 40 and 1459080?
40
What is the greatest common divisor of 424 and 9858?
106
Calculate the highest common factor of 83187 and 158.
79
Calculate the greatest common factor of 470 and 145960.
10
What is the highest common factor of 29870 and 4640?
290
Calculate the greatest common factor of 623 and 4450.
89
Calculate the highest common divisor of 3408452 and 1132.
1132
What is the greatest common factor of 52762 and 11063?
851
What is the greatest common factor of 235 and 602023?
47
What is the highest common factor of 2523061 and 89?
89
Calculate the highest common divisor of 1234974 and 2007.
669
Calculate the greatest common divisor of 379080 and 520.
520
What is the highest common factor of 49363 and 4?
1
Calculate the greatest common factor of 101 and 2106557.
101
Calculate the highest common divisor of 284786 and 23.
23
What is the highest common factor of 1850 and 32930?
370
Calculate the highest common divisor of 669042 and 1705.
341
What is the highest common factor of 204 and 214?
2
Calculate the greatest common factor of 996784 and 16.
16
What is the greatest common divisor of 4536 and 42224?
56
What is the highest common factor of 39 and 2760537?
39
Calculate the highest common divisor of 117 and 641667.
39
Calculate the greatest common divisor of 1375 and 3245.
55
Calculate the highest common factor of 30 and 29730.
30
Calculate the highest common factor of 307411 and 247.
13
Calculate the greatest common divisor of 10368 and 4352.
128
Calculate the greatest common divisor of 103064 and 312.
104
What is the greatest common divisor of 13632 and 178068?
852
Calculate the greatest common factor of 296 and 6136672.
296
What is the highest common factor of 17188 and 628?
4
What is the greatest common factor of 1325561 and 14882?
1063
What is the greatest common divisor of 180 and 51390?
90
Calculate the greatest common divisor of 8049 and 2556899.
2683
What is the highest common divisor of 5000 and 360?
40
Calculate the greatest common factor of 2124 and 4554.
18
What is the highest common factor of 99 and 194018?
11
Calculate the greatest common divisor of 356 and 34087.
89
What is the greatest common factor of 18525 and 45?
15
What is the highest common divisor of 869480 and 40?
40
Calculate the greatest common factor of 186543 and 270.
27
What is the highest common divisor of 45409 and 12467?
91
What is the highest common factor of 72 and 64242?
18
What is the greatest common divisor of 353522 and 1?
1
What is the highest common divisor of 29414 and 1474?
22
What is the highest common factor of 2884 and 360912?
412
Calculate the highest common factor of 1530734 and 122.
122
What is the greatest common divisor of 16912 and 196?
28
What is the greatest common divisor of 7258 and 665?
19
Calculate the highest common factor of 5 and 16355.
5
Calculate the highest common factor of 2182020 and 6.
6
What is the highest common factor of 189 and 2289?
21
What is the greatest common factor of 1110 and 206130?
30
Calculate the greatest common divisor of 886 and 4852622.
886
What is the greatest common factor of 1794840 and 45?
15
What is the highest common factor of 152 and 50426?
38
What is the highest common divisor of 2760 and 780620?
460
Calculate the highest common divisor of 969 and 4029.
51
What is the highest common divisor of 1260 and 626535?
315
What is the greatest common factor of 663058 and 22?
22
Calculate the greatest common divisor of 5096287 and 7.
7
What is the highest common divisor of 208 and 16081?
13
What is the greatest common divisor of 1020 and 820?
20
Calculate the greatest common factor of 8697 and 156.
39
What is the highest common divisor of 41 and 27247739?
41
What is the greatest common factor of 399737 and 34047?
1261
What is the highest common divisor of 1071 and 18615?
51
Calculate the greatest common divisor of 5009074 and 7.
7
What is the greatest common divisor of 120 and 210390?
30
What is the greatest common factor of 775 and 23870?
155
What is the highest common divisor of 5929 and 418?
11
Calculate the greatest common factor of 18 and 334809.
9
Calculate the greatest common factor of 624 and 1225744.
208
What is the highest common divisor of 7760 and 64?
16
What is the highest common divisor of 2596 and 8492?
44
Calculate the greatest common factor of 2 and 7318.
2
What is the greatest common factor of 352 and 251680?
352
What is the greatest common factor of 161150 and 330?
110
What is the highest common factor of 73730 and 707?
101
What is the greatest common divisor of 74251 and 41?
41
What is the highest common divisor of 36006 and 4981?
17
Calculate the greatest common factor of 2838 and 6966.
258
What is the highest common factor of 2550 and 2652?
102
Calculate the highest common factor of 66 and 763862.
22
Calculate the highest common divisor of 8602 and 88.
22
Calculate the greatest common divisor of 64 and 2984.
8
Calculate the highest common factor of 15012 and 33916.
556
What is the highest common divisor of 10140 and 105?
15
Calculate the highest common factor of 13904 and 28598.
158
Calculate the greatest common divisor of 146045 and 15.
5
What is the highest common factor of 68 and 1241102?
34
Calculate the highest common divisor of 70127 and 46.
23
Calculate the highest common factor of 4415978 and 98.
98
Calculate the greatest common divisor of 5 and 194015.
5
What is the highest common factor of 193064 and 56?
8
Calculate the highest common factor of 259056 and 224.
112
What is the greatest common divisor of 228599 and 7571?
113
Calculate the greatest common factor of 53 and 835.
1
What is the highest common factor of 758 and 118?
2
What is the greatest common divisor of 585 and 3055?
65
What is the greatest common factor of 228 and 174612?
12
Calculate the greatest common factor of 42 and 1959062.
14
What is the greatest common factor of 1232 and 2295832?
616
What is the greatest common divisor of 368082 and 8?
2
Calculate the highest common d